p) = 6*p + 1. Let b be v(1). Let j = b - q. What is the tens digit of j?
1
What is the hundreds digit of 1 + ((-14)/(-21))/(1/327)?
2
Let u = 4 + 1. Suppose u*t - 4*b = 52, -t + 3*b - b + 8 = 0. What is the tens digit of t?
1
Let t be -1 - -1 - (-3 - -1). Suppose 0 = 2*r + t*r + 40. Let i = r + 12. What is the units digit of i?
2
What is the units digit of -39*(-2 + (-3)/(9/(-4)))?
6
Suppose -r = 3*u + 135, 0*u - 5*u - 3*r - 225 = 0. Let z be -3*(-5)/(u/(-48)). Suppose -h = -3*h + z. What is the units digit of h?
8
Suppose 3*x - 60 = -4*c, 0 - 3 = -c. What is the tens digit of x?
1
Suppose -4*t - 42 = -t. Let x = -7 - t. Let m(z) = -z**2 + 7*z + 3. What is the units digit of m(x)?
3
Suppose -5*s = -5 - 15. Suppose s*b - 26 = 6. What is the units digit of b?
8
Let w = 5 + -2. Suppose 0 = -w*m + 17 + 10. Let y = 19 - m. What is the tens digit of y?
1
What is the tens digit of -2 + 7/2 - 153/(-2)?
7
Let t(n) = 2*n - 1. Suppose 0 = 5*m + 5*d - 25, 5*d - 10 - 14 = -4*m. Let w be (-1)/(-1 - m/(-2)). What is the units digit of t(w)?
3
Suppose 2*w - 16 = -0*w. Suppose 5*n - 4*v - 22 = 0, 0 = w*n - 3*n + v - 32. Let t = 13 - n. What is the units digit of t?
7
Suppose -v - 2*b = b - 15, b - 21 = -3*v. What is the units digit of v?
6
Suppose 0 = z + 4*g - 355, -3*z + 1076 = -2*g + 25. What is the tens digit of (-9)/(-12) - z/(-12)?
3
Let h = 52 + -34. What is the units digit of h?
8
Suppose 2*p + 2*o = 21 - 5, -49 = -3*p + 2*o. What is the units digit of p?
3
Suppose -7 = -8*o + 97. What is the tens digit of o?
1
Suppose -4*g = -8*g + 4*h + 288, -4*g - 3*h = -295. What is the tens digit of g?
7
Let c be (-1 - -98) + 4/(-2). Suppose -3*b - 2*b + c = 0. Suppose 5*m = 16 + b. What is the units digit of m?
7
Suppose -469 = -7*n + 1071. What is the tens digit of n?
2
Let r(f) = -f**3 + 5*f**2 - 3*f + 6. What is the units digit of r(4)?
0
Suppose -2*q + 4*q - 222 = 0. What is the tens digit of q?
1
Suppose -u = 2 - 4. Suppose -2*n + u = -10. What is the units digit of n?
6
Let p(t) = t - 2. Let u(q) = q - 1. Let s(o) = 3*p(o) - 4*u(o). Let w be s(-8). Let r(m) = -m + 8. What is the units digit of r(w)?
2
What is the tens digit of (13*-2)/(-3 - -1)?
1
Suppose -12*y - 708 = -16*y. What is the tens digit of y?
7
Let v(u) = 3*u**3 + u**2 - 3*u + 3. Let r be v(2). What is the units digit of 60/r*10/4?
6
What is the tens digit of ((-22)/6 - -2)/((-7)/315)?
7
Suppose 11*k - 7*k = -8. Let q = 30 - k. What is the units digit of q?
2
Let b be 1/((-9)/5 + 2). Suppose b = -5*u, 5*o - u = u + 2. Let v = o + 10. What is the units digit of v?
0
Let j(y) be the third derivative of -y**4/24 + 17*y**3/6 + 4*y**2. What is the units digit of j(0)?
7
Let k(j) be the second derivative of -j**5/20 - 13*j**4/12 - 5*j**3/2 - 7*j**2 + j. What is the tens digit of k(-12)?
2
Suppose 0*s - 8 = -4*s. Let l be -3 - (s - (-3 - -3)). What is the units digit of l/(-1) - (-9)/(-3)?
2
Suppose -6*m + 20 = -m. Let t = 5 + m. What is the units digit of t?
9
Let z(m) = -m**2. Let v(x) = -2*x**2 + 3*x + 2. Let j(f) = -v(f) + 5*z(f). Let b be j(-3). What is the units digit of (-8)/b*(-1 + 6)?
2
Let w(q) = q**3 + 6*q**2 + 5*q + 2. Let m be w(-5). What is the units digit of 36/(3/(-6) + m)?
4
Let r(y) be the third derivative of y**5/60 - y**4/24 + y**3/3 + 2*y**2. What is the units digit of r(0)?
2
Let t be (6/(-4))/(3/6). Let m = 3 + t. Suppose 4*r - 16 + 0 = m. What is the units digit of r?
4
Suppose -118 = -5*c + 152. Let x be (-8*2)/4 + 7. Suppose x*n = -3*m + c, 0*n - 3*n = 2*m - 56. What is the units digit of n?
0
Suppose 6*x = x + 825. What is the hundreds digit of x?
1
Let s(c) = 39*c**3 - 2*c + 1. What is the units digit of s(1)?
8
Let m be (-1)/((-3)/((-30)/(-2))). Let k = 8 + m. What is the tens digit of k?
1
What is the units digit of 1/2 - (-3)/2?
2
Let q(k) = -k**3 + 11*k**2 - 10*k + 4. Suppose 3*x - 5*z = -0*x + 10, -4*z = 4*x - 56. Let i be q(x). Let w = i + -1. What is the units digit of w?
3
Let a(v) be the third derivative of v**5/60 - v**4/4 + 4*v**3/3 - v**2. Suppose 3*n - 5 - 16 = 0. What is the units digit of a(n)?
5
Suppose -2*g - 30 = -7*g. Let n(z) = z + 7. What is the units digit of n(g)?
3
Let l(b) be the first derivative of -b**2/2 + 4*b - 1. Let x be l(3). What is the units digit of x/(-2*(-2)/4)?
1
Let i(d) = 4*d**3 - 3*d + 2. Let f be i(2). Suppose g = -l + 7 + 5, -2*l - g = -f. What is the units digit of l?
6
Suppose 0 = -5*t + 15 + 40. Let g = t - 8. Suppose -5*s = 3*x - 24, -s + 4 = g*x - 8. What is the units digit of x?
3
Let j be (8/6)/((-12)/54). What is the units digit of (18/(-4))/(j/16)?
2
Let i(u) = -4*u - 1. Let s be i(-1). Suppose -2*o + l = s*o - 94, 5*l = 2*o - 33. Suppose 2*f - 6 = d + d, 5*f = 4*d + o. What is the units digit of f?
7
Suppose -3*u + 2 = -13. What is the units digit of (-8 - -3)*(-27)/u?
7
Suppose 265 = 35*h - 30*h. What is the units digit of h?
3
Let i = -31 + 43. What is the tens digit of (i/(-10))/(15/(-200))?
1
Let i = 5 + 0. Suppose -2*j + i = 1. Suppose 0*q + 36 = 4*q + 2*a, -j*q + 3*a + 2 = 0. What is the units digit of q?
7
Let m(p) = p**2 + 4*p - 2. What is the tens digit of m(-7)?
1
Suppose 18 + 2 = 5*w. What is the units digit of 11/9 - w/18?
1
Suppose -3*s - 4*g + 46 = 0, 3*s = 7*s - 2*g - 32. Suppose -2*h = -s, -2*k + 114 = 3*h + 5. What is the units digit of k?
7
Let i = 6 + 75. What is the units digit of i?
1
Let y = 8 - 16. Let p be y/(-4)*1/(-2). What is the units digit of (2 - (-2)/p) + 1?
1
Let c(z) = 2*z**2 + 4*z - 1. Suppose 4*b = 2*b + 6. What is the units digit of c(b)?
9
Let u = 155 - 71. What is the tens digit of u?
8
Let r be (-66)/(-4)*(-2)/(-3). Let y = 67 - r. Suppose -4*a + y = -4*d, -3*d = -2*a + d + 38. What is the units digit of a?
9
Let i be 685/(-45) + 2/9. What is the units digit of 6/i - (-22)/5?
4
Suppose -338 = -4*y + 78. What is the units digit of y?
4
What is the tens digit of 4/(-14) - 17432/(-56)?
1
Suppose 0 = -4*p + 5*u + 209, -3*u = p + 4*p - 289. What is the tens digit of p?
5
Let u = 182 - 104. What is the units digit of u?
8
Suppose -2*y + v = -25, 2*v = -2*y + v + 15. What is the units digit of y?
0
What is the tens digit of 18/(-24) + 590/8?
7
Let j = 5 + 4. Suppose 3*l = -5*k - j, -5*l - 2*k + 0 = -4. Suppose -l*w = -5*i - 1, -3*w = -i - 2*i - 6. What is the units digit of w?
3
Let a(s) = s**2 - 4*s - 7. Let u be a(5). What is the tens digit of 76/8 - 1/u?
1
Suppose 7 + 298 = 5*k. What is the tens digit of k?
6
Let f = 33 + -6. Suppose -2*t = t + 3*w - f, 0 = -2*w + 4. What is the units digit of t?
7
Let o = -7 + 12. Suppose -4*p + 59 = -3*c - 13, -o*c - 5 = p. What is the units digit of p?
5
Let b(n) = n**3 - 15*n**2 + 11*n - 3. Let o be b(12). What is the tens digit of o/(-12) + 9/12?
2
Let y(w) = w**2 + w + 2. Let c(s) = s**2 + 1. Let p(r) = -3*c(r) + 2*y(r). Let o = -3 - -5. What is the units digit of p(o)?
1
Suppose -i + 14 = i. Let x(n) = -n**3 + 8*n**2 - 7*n + 2. What is the units digit of x(i)?
2
Suppose 0*t - 69 = -t. Suppose n + 2*n = t. What is the tens digit of n?
2
Suppose 0*k - 16 = -4*k. Suppose -2*u = -4, -u - 6 = -k*c - 0*u. Let g = c + -1. What is the units digit of g?
1
Let g(y) = -5*y + 4. Let x(v) = -4*v + 5. Let a(m) = 5*g(m) - 6*x(m). Let z be a(-10). What is the units digit of (z + -30)*10/(-25)?
2
Suppose -x = z, 3*z + 1 + 5 = 0. Let c = 0 + x. Suppose d = -3*r - c + 7, d = 5*r + 21. What is the units digit of d?
1
Let f(w) = -w**2 + w + 78. What is the units digit of f(0)?
8
Let r(x) = 2*x**2 - 3*x - 8. What is the units digit of r(4)?
2
Suppose b + 2 - 9 = 0. What is the units digit of b?
7
Suppose 5*o + 4*z - 169 = -6, 0 = -o + z + 38. What is the units digit of o?
5
What is the units digit of 66*36/8 + -2 + 3?
8
Let h = 6 - 5. Let p be -1 - 0 - 1/h. Let f(k) = -7*k - 2. What is the tens digit of f(p)?
1
Let y(j) = 2*j**2 + 5*j + 2. What is the tens digit of y(-5)?
2
Suppose 2*y - 14 = 2*m, 4*m + y - 2*y = -34. What is the units digit of (m/(-36))/(2/8)?
1
Let h(a) = -3 + 1 + 3*a - 2 + 3. What is the units digit of h(1)?
2
Let y be (-1)/6 - (-244)/24. Suppose 2*g = 4 + y. What is the units digit of g?
7
What is the units digit of ((-111)/9 - 3)*-3?
6
Suppose -730 = -3*i - 2*v, -5*i + 0*v + 1221 = -v. What is the tens digit of i?
4
Suppose 4*d = -3*i - i + 28